 base 13, what is -33 - -400?
39a
In base 2, what is -1 + -1011010110111011101?
-1011010110111011110
In base 13, what is 13073 + 4?
13077
In base 4, what is -3 + 32212111?
32212102
In base 9, what is -3 - -101204?
101201
In base 12, what is 7394 - 8?
7388
In base 13, what is -33c - -471?
132
In base 7, what is 1402431 - 4?
1402424
In base 9, what is -580 - 4403?
-5083
In base 3, what is -10 - -201110211?
201110201
In base 3, what is 12120 + 2201?
22021
In base 15, what is 444 - 243?
201
In base 15, what is 4 + -609bb?
-609b7
In base 10, what is 147 + 103?
250
In base 4, what is -12 - -1103103?
1103031
In base 12, what is 626 + -1730?
-1106
In base 3, what is -2 - 12200001012?
-12200001021
In base 16, what is 9b4 - -f?
9c3
In base 16, what is 6417 - 3?
6414
In base 7, what is 106444 - 62?
106352
In base 5, what is -21011303 + 20?
-21011233
In base 10, what is -23 + -859?
-882
In base 11, what is -1476 - -69?
-1408
In base 4, what is 10230 + 12120?
23010
In base 16, what is df59 - -2?
df5b
In base 13, what is -3 + 36149?
36146
In base 13, what is -5832 - -69?
-5796
In base 5, what is 121012 - 0?
121012
In base 15, what is 4a8a4 - 9?
4a89a
In base 16, what is d6 + -4c?
8a
In base 10, what is 204 + 9860?
10064
In base 11, what is 2 + -4a953?
-4a951
In base 4, what is 203200330 + -311?
203200013
In base 13, what is -8b149c - -4?
-8b1498
In base 5, what is 0 - -222041?
222041
In base 3, what is -102202 - 10100?
-120002
In base 9, what is 114587 + -3?
114584
In base 11, what is -6 + 112a2?
11297
In base 7, what is 13411 - 220?
13161
In base 5, what is 223321 + 34?
223410
In base 9, what is 722 + -271?
441
In base 2, what is 1000 + -100100010011?
-100100001011
In base 6, what is 22555 - -412?
23411
In base 4, what is 311030133 + 1?
311030200
In base 8, what is -5 + 40744?
40737
In base 5, what is 20442014 - 2?
20442012
In base 15, what is -40e - 67?
-476
In base 16, what is -250bf - 3?
-250c2
In base 6, what is -441354 - 11?
-441405
In base 6, what is 1041 + 202255?
203340
In base 8, what is -1035243 - -5?
-1035236
In base 2, what is 100101000 + -101010010100?
-100101101100
In base 4, what is 20 - -232?
312
In base 11, what is -4 + -36a3?
-36a7
In base 6, what is -45334 + 22?
-45312
In base 12, what is -52 - 272b?
-2781
In base 9, what is -4338 + 818?
-3420
In base 6, what is -2513 + -11313?
-14230
In base 3, what is 2 + -102010200102?
-102010200100
In base 3, what is 2101222 + -202?
2101020
In base 8, what is 11144 - -1?
11145
In base 13, what is 4 + -3717?
-3713
In base 15, what is 9 - 667c?
-6673
In base 9, what is -17 + 4138?
4121
In base 6, what is -1250 - 40112?
-41402
In base 11, what is 9 - 47a653?
-47a645
In base 9, what is 1 + 232727?
232728
In base 4, what is -2033 - -1123?
-310
In base 4, what is 23 - 13131?
-13102
In base 11, what is -3410 - -4?
-3407
In base 2, what is 11110010010110100110 + -100?
11110010010110100010
In base 15, what is -1e92 + -3?
-1e95
In base 7, what is -604 - -1631?
1024
In base 4, what is 112 + -1120233?
-1120121
In base 14, what is 1319 - 1da?
111d
In base 14, what is 72 - b66?
-ad4
In base 11, what is 130058 + -4?
130054
In base 8, what is -2 + 14510?
14506
In base 9, what is -3 - 1207105?
-1207108
In base 5, what is 2 + 1111120?
1111122
In base 4, what is 10110030 + 11?
10110101
In base 10, what is -19 + -4477?
-4496
In base 2, what is 1100 + -1100110000101?
-1100101111001
In base 7, what is 1115602 + -1?
1115601
In base 14, what is -1b0bd4 - 3?
-1b0bd7
In base 9, what is -36 + 1580?
1543
In base 7, what is -3052 + -1323?
-4405
In base 5, what is -1002 - 131?
-1133
In base 9, what is 7 - 38482?
-38474
In base 9, what is 38883 + 245?
40238
In base 5, what is 2 + 442410?
442412
In base 4, what is 112112 - 22?
112030
In base 7, what is -3 - -13234?
13231
In base 14, what is 1 - 173bba?
-173bb9
In base 9, what is -2 - -4571?
4568
In base 6, what is 444425 - -12?
444441
In base 11, what is -11 - 269aa?
-26a10
In base 2, what is -10011101110100 + -1000?
-10011101111100
In base 16, what is c712 + -1?
c711
In base 9, what is -1278 - 103?
-1382
In base 3, what is 1012221222200 - 1?
1012221222122
In base 15, what is 4 - -1720?
1724
In base 10, what is -19 - 31766?
-31785
In base 16, what is 1f74 - 19?
1f5b
In base 11, what is -2161 + 3?
-2159
In base 4, what is 310120223 + 3?
310120232
In base 12, what is b + b4a?
b59
In base 5, what is 1011310404 + -4?
1011310400
In base 3, what is 1101101220 - 101?
1101101112
In base 13, what is -a99 - -6c?
-a2a
In base 10, what is -1230 - 31?
-1261
In base 11, what is 1 - -804873?
804874
In base 12, what is -1570 - -86b?
-901
In base 10, what is 47 + -42?
5
In base 13, what is 3 + -165bc?
-165b9
In base 5, what is -1 + 431003?
431002
In base 15, what is 38a + -a6?
2d4
In base 12, what is 83b - -154?
993
In base 6, what is -5 + 13454021?
13454012
In base 14, what is -11489 + 4?
-11485
In base 8, what is -577 + 3031?
2232
In base 8, what is 22363 - 20?
22343
In base 3, what is -2012011 + 12102?
-1222202
In base 3, what is 22002202011 - -1?
22002202012
In base 7, what is -200606 + -2?
-200611
In base 16, what is 26d - -276?
4e3
In base 2, what is 1001001 + -1101010001?
-1100001000
In base 4, what is 12003011 + 1?
12003012
In base 9, what is -5678 - 3?
-5682
In base 15, what is 15 - 5149?
-5134
In base 9, what is -74007 - 156?
-74164
In base 9, what is -80 - 1234?
-1324
In base 2, what is -111100100 + 10?
-111100010
In base 4, what is -121211333 + 1?
-121211332
In base 12, what is 695 - 4a1?
1b4
In base 16, what is 5 + 37dd?
37e2
In base 14, what is 4 + 29312?
29316
In base 5, what is -134 - 10430?
-11114
In base 15, what is -3134 - 7?
-313b
In base 6, what is 3220400 - -4?
3220404
In base 13, what is -867c + a?
-8672
In base 2, what is -1111101111010 - 0?
-1111101111010
In base 14, what is 5 - 4219?
-4214
In base 3, what is 2011200102220 + -10?
2011200102210
In base 15, what is 1ac126 - 0?
1ac126
In base 14, what is -4382d2 + 1?
-4382d1
In base 15, what is 9 + -b6d?
-b64
In base 5, what is -21 + -3123403?
-3123424
In base 2, what is -101 - 11001111000000101?
-11001111000001010
In base 13, what is -3 + 6957?
6954
In base 13, what is 7c89 + 1?
7c8a
In base 15, what is 5a70 + 16?
5a86
In base 5, what is 3104231 - 1?
3104230
In base 3, what is 1021 + -12000221?
-11222200
In base 14, what is -1 + 182a7c?
182a7b
In base 13, what is -8 + 17832?
17827
In base 6, what is -422 - 1220?
-2042
In base 11, what is -6445 - 236?
-6680
In base 8, what is -5 - -36531?
36524
In base 9, what is -7 - -10466?
10458
In base 12, what is 1 + -8563b?
-8563a
In base 8, what is 22 - 13401?
-13357
In base 8, what is 7 + -114121?
-114112
In base 5, what is -20 + 112032?
112012
In base 12, what is -671 + -53?
-704
In base 6, what is 5 - -1454414?
1454423
In base 8, what is -2 - 576441?
-576443
In base 9, what is 42 + -2720?
-2667
In base 14, what is -4170 - 19?
-4189
In base 11, what is 9 + 33?
41
In base 10, what is -73865 - -5?
-73860
In base 12, what is -1181067 + 3?
-1181064
In base 6, what is 2 - 1300?
-1254
In base 9, what is -841 - 33?
-874
In base 11, what is 2a218 - -5?
2a222
In base 5, what is 11 + -404021332?
-404021321
In base 5, what is 1013434023 + 0?
1013434023
In base 5, what is -14 + -1204322?
-1204341
In base 8, what is 177162 - 0?
177162
In base 7, what is 10 - 356046?
-356036
In base 16, what is -6 - 6b1c?
-6b22
In base 6, what is -10 - 3401?
-3411
In base 16, what is -1 + -3467?
-3468
In base 10, what is -333 - 180?
-513
In base 5, what is -23 - 1423233?
-1423311
In base 4, what is -2033321 + 23?
-2033232
In base 4, what is 11 - 2032100300?
-2032100223
In base 4, what is 232 - -10031110?
10032002
In base 13, what is 38 + 538?
573
In base 13, what is 4a443 - c?
4a434
In base 10, what is -7 - -8950?
8943
In base 8, what is -1716117 - 4?
-1716123
In base 15, what is 8290e + -1?
8290d
In base 5, what is -2341003 - -30?
-2340423
In base 3, what is -1001 - -122222?
121221
In base 15, what is -4 + -aa99?
-aa9d
In base 12, what is 1a2a - -11b?
1b49
In base 14, what is -131b58 + -4?
-131b5c
In base 13, what is -596 + -47?
-610
In base 3, what is -21 + -2200102?
-2200200
In base 15, what is -a20d - -2d?
-a1d0
In base 15, what is 0 + 86b9?
86b9
In base 16, what is 0 + 1deb?
1deb
In base 13, what is -1a59